{"id":274,"date":"2023-11-17T18:29:26","date_gmt":"2023-11-17T17:29:26","guid":{"rendered":"https:\/\/www.praxis-kraemer.com\/wordpress\/?page_id=274"},"modified":"2025-06-16T09:14:39","modified_gmt":"2025-06-16T07:14:39","slug":"schwindeltherapie-und-vestibulartherapie","status":"publish","type":"page","link":"https:\/\/www.praxis-kraemer.com\/wordpress\/schwindeltherapie-und-vestibulartherapie\/","title":{"rendered":"Schwindeltherapie"},"content":{"rendered":"<div id=\"pl-274\"  class=\"panel-layout\" ><div id=\"pg-274-0\"  class=\"panel-grid panel-no-style\" ><div id=\"pgc-274-0-0\"  class=\"panel-grid-cell\" ><div id=\"panel-274-0-0-0\" class=\"so-panel widget widget_sow-editor panel-first-child panel-last-child\" data-index=\"0\" ><div\n\t\t\t\n\t\t\tclass=\"so-widget-sow-editor so-widget-sow-editor-base\"\n\t\t\t\n\t\t><h3 class=\"widget-title\">Schwindeltherapie<\/h3>\n<div class=\"siteorigin-widget-tinymce textwidget\">\n\t<p>Schwindeltherapie und Vestibulartherapie, ist eine effektive Therapie zur Behandlung von verschiedenen Schwindelformen. Therapeuten die diese spezielle Therapie anbieten, sind speziell fortgebildet und in der Lage die verschiedenen Schwindelformen zu unterscheiden und auch entsprechend zu behandeln. Viele Betroffene werden falsch oder gar nicht behandelt. Daher ist die Behandlung durch einen ausgebildeten Vestibular-Therapeuten extrem wichtig.<\/p>\n<p>Grunds\u00e4tzlich lassen sich vier Schwindelarten unterscheiden, wobei Mischformen m\u00f6glich sind.<\/p>\n<ul>\n<li>Drehschwindel<\/li>\n<li>Schwankschwindel<\/li>\n<li>Benommenheitsschwindel<\/li>\n<li>Funktioneller Schwindel<\/li>\n<\/ul>\n<\/div>\n<\/div><\/div><\/div><\/div><div id=\"pg-274-1\"  class=\"panel-grid panel-no-style\" ><div id=\"pgc-274-1-0\"  class=\"panel-grid-cell\" ><div id=\"panel-274-1-0-0\" class=\"so-panel widget widget_media_image panel-first-child panel-last-child\" data-index=\"1\" ><div style=\"width: 1034px\" class=\"wp-caption alignnone\"><img loading=\"lazy\" decoding=\"async\" width=\"1024\" height=\"776\" src=\"https:\/\/www.praxis-kraemer.com\/wordpress\/wp-content\/uploads\/2023\/11\/Innenohr-1024x776.jpg\" class=\"image wp-image-291  attachment-large size-large\" alt=\"Innenohr\" style=\"max-width: 100%; height: auto;\" srcset=\"https:\/\/www.praxis-kraemer.com\/wordpress\/wp-content\/uploads\/2023\/11\/Innenohr-1024x776.jpg 1024w, https:\/\/www.praxis-kraemer.com\/wordpress\/wp-content\/uploads\/2023\/11\/Innenohr-300x227.jpg 300w, https:\/\/www.praxis-kraemer.com\/wordpress\/wp-content\/uploads\/2023\/11\/Innenohr-768x582.jpg 768w, https:\/\/www.praxis-kraemer.com\/wordpress\/wp-content\/uploads\/2023\/11\/Innenohr-1536x1164.jpg 1536w, https:\/\/www.praxis-kraemer.com\/wordpress\/wp-content\/uploads\/2023\/11\/Innenohr-2048x1552.jpg 2048w, https:\/\/www.praxis-kraemer.com\/wordpress\/wp-content\/uploads\/2023\/11\/Innenohr-1425x1080.jpg 1425w\" sizes=\"auto, (max-width: 1024px) 100vw, 1024px\" \/><p class=\"wp-caption-text\">Frontaler Querschnitt durch das gesamte Ohr<\/p><\/div><\/div><\/div><div id=\"pgc-274-1-1\"  class=\"panel-grid-cell\" ><div id=\"panel-274-1-1-0\" class=\"so-panel widget widget_sow-editor panel-first-child panel-last-child\" data-index=\"2\" ><div\n\t\t\t\n\t\t\tclass=\"so-widget-sow-editor so-widget-sow-editor-base\"\n\t\t\t\n\t\t><h3 class=\"widget-title\">Wie entsteht Schwindel?<\/h3>\n<div class=\"siteorigin-widget-tinymce textwidget\">\n\t<p>Um zu verstehen wie Schwindel entsteht, muss man sich zun\u00e4chst klar machen wie wir \u00fcberhaupt in der Lage sind unser Gleichgewicht im Alltag zu finden. Normalerweise ist das Gleichgewicht halten ein automatisierter Prozess, der jedoch durch verschieden Erkrankungen gest\u00f6rt sein kann. Unser Gleichgewichtsorgan, das Vestibulum, ist ein ca. Wallnussgro\u00dfes Organ im Innenohr. Es besteht aus drei Bogeng\u00e4ngen, die Rotationsbewegungen und den Makulaorganen (Utriculus und Sacculus) die linearen Beschleunigungen registrieren. Diese Signale werden \u00fcber den Nervus Vestibulocochlearis an die Gleichgewichtszentren im Gehirn weitergeleitet und mit den \u00fcbrigen K\u00f6rperwahrnehmungen, wie der Propriozeption (Gelenk- und Stellungssinn) und der visuellen Wahrnehmung verrechnet. Die Ergebnisse veranlassen unseren K\u00f6rper unbewusste Anpassungsreaktionen vorzunehmen, um im Gleichgewicht zu bleiben. Kommt es in einem dieser Systeme zu Schwierigkeiten, kann es zu widerspr\u00fcchlichen Wahrnehmungen kommen, was dann eine Schwindelreaktionen hervorruft.<\/p>\n<\/div>\n<\/div><\/div><\/div><\/div><div id=\"pg-274-2\"  class=\"panel-grid panel-no-style\" ><div id=\"pgc-274-2-0\"  class=\"panel-grid-cell\" ><div id=\"panel-274-2-0-0\" class=\"so-panel widget widget_sow-editor panel-first-child panel-last-child\" data-index=\"3\" ><div\n\t\t\t\n\t\t\tclass=\"so-widget-sow-editor so-widget-sow-editor-base\"\n\t\t\t\n\t\t><h3 class=\"widget-title\">Ursachen f\u00fcr eine Schwindelproblematik sind vielf\u00e4ltig:<\/h3>\n<div class=\"siteorigin-widget-tinymce textwidget\">\n\t<ul>\n<li>BPLS (Benigner paroxysmaler Lagerungsschwindel)<\/li>\n<li>Posttraumatischer Lagerungsschwindel<\/li>\n<li>Vestibul\u00e4re Hypofunktion<\/li>\n<li>Schleudertraume<\/li>\n<li>Postkommotionelles Syndrom<\/li>\n<li>Neuritis Vestibularis<\/li>\n<li>Akustikusneurinom<\/li>\n<li>Morbus Meni\u00e8re<\/li>\n<li>Vestibul\u00e4re Migr\u00e4ne<\/li>\n<li>Psychische Belastungen\/Erkrankungen<\/li>\n<li>St\u00f6rungen im Kardiovaskul\u00e4ren System<\/li>\n<li>Metabolische Ursachen wie z.B. An\u00e4mie, Vitamin-B12-Mangel etc.<\/li>\n<li>Medikamenten Nebenwirkungen<\/li>\n<li>Medikamenten Intoxikation<\/li>\n<li>Zentrale Ursachen z.B. nach Schlaganfall oder Folge von neurologischen Erkrankungen<\/li>\n<li>Zervikogen (\u00e4u\u00dferst selten!)<\/li>\n<\/ul>\n<\/div>\n<\/div><\/div><\/div><div id=\"pgc-274-2-1\"  class=\"panel-grid-cell\" ><div id=\"panel-274-2-1-0\" class=\"so-panel widget widget_media_image panel-first-child panel-last-child\" data-index=\"4\" ><div style=\"width: 1034px\" class=\"wp-caption alignnone\"><img loading=\"lazy\" decoding=\"async\" width=\"1024\" height=\"683\" src=\"https:\/\/www.praxis-kraemer.com\/wordpress\/wp-content\/uploads\/2023\/11\/FrauSchwindel-1024x683.jpg\" class=\"image wp-image-292  attachment-large size-large\" alt=\"\" style=\"max-width: 100%; height: auto;\" srcset=\"https:\/\/www.praxis-kraemer.com\/wordpress\/wp-content\/uploads\/2023\/11\/FrauSchwindel-1024x683.jpg 1024w, https:\/\/www.praxis-kraemer.com\/wordpress\/wp-content\/uploads\/2023\/11\/FrauSchwindel-300x200.jpg 300w, https:\/\/www.praxis-kraemer.com\/wordpress\/wp-content\/uploads\/2023\/11\/FrauSchwindel-768x512.jpg 768w, https:\/\/www.praxis-kraemer.com\/wordpress\/wp-content\/uploads\/2023\/11\/FrauSchwindel-1536x1024.jpg 1536w, https:\/\/www.praxis-kraemer.com\/wordpress\/wp-content\/uploads\/2023\/11\/FrauSchwindel-2048x1365.jpg 2048w, https:\/\/www.praxis-kraemer.com\/wordpress\/wp-content\/uploads\/2023\/11\/FrauSchwindel-1620x1080.jpg 1620w, https:\/\/www.praxis-kraemer.com\/wordpress\/wp-content\/uploads\/2023\/11\/FrauSchwindel-272x182.jpg 272w\" sizes=\"auto, (max-width: 1024px) 100vw, 1024px\" \/><p class=\"wp-caption-text\">Schwindel ist ein h\u00e4ufiges Ph\u00e4nomen und kann sehr Lebenseinschr\u00e4nkend sein.<\/p><\/div><\/div><\/div><\/div><div id=\"pg-274-3\"  class=\"panel-grid panel-no-style\" ><div id=\"pgc-274-3-0\"  class=\"panel-grid-cell\" ><div id=\"panel-274-3-0-0\" class=\"so-panel widget widget_sow-editor panel-first-child\" data-index=\"5\" ><div\n\t\t\t\n\t\t\tclass=\"so-widget-sow-editor so-widget-sow-editor-base\"\n\t\t\t\n\t\t><h3 class=\"widget-title\">Wie wird Schwindel in Abh\u00e4ngigkeit der Ursache behandelt?<\/h3>\n<div class=\"siteorigin-widget-tinymce textwidget\">\n\t<p>Bei einem gutartigen Lagerungsschwindel (BPLS) ist die positive Nachricht, dass dieser vergleichsweise einfach zu behandeln ist. Es werden spezielle Befreiungsman\u00f6ver eingesetzt. Hierbei ist jedoch wichtig, dass der betroffene Bogengang vom Therapeuten genau erkannt wird und er auch das korrekte Befreiungsman\u00f6ver anwendet. Der Vorteil der peniblen Befunderhebung ist der, dass ein BPLS in der Regel nach wenigen Wiederholungen des Befreiungsman\u00f6vers verschwunden ist. Rezidive sind jedoch m\u00f6glich und auch nicht selten zu erwarten. Eine Eigenanwendung vom Patienten sollte vermieden werden, da nur die korrekte Anwendung der Man\u00f6ver zum Erfolg f\u00fchren kann.<\/p>\n<p>Liegt eine vestibul\u00e4re Hypofunktion vor, die durch verschiedene Erkrankungen ausgel\u00f6st werden kann, ist selbstverst\u00e4ndlich zun\u00e4chst die \u00e4rztliche Behandlung der Grunderkrankung notwendig. Bereits w\u00e4hrend der Behandlung sollte jedoch z\u00fcgig mit einer vestibul\u00e4ren Rehabilitation begonnen werden. Hierbei wird dem Betroffenen ein individuelles Trainingsprogramm erstellt und die jeweiligen \u00dcbungen unter fachlicher Anleitung gelehrt. Das Rehabilitationsprogramm kann jedoch nur erfolgreich sein, wenn dieses konsequent vom Betroffenen auch zu Hause umgesetzt wird. \u00dcber mehrere Wochen ist dieses Trainingsprogramm 4-mal t\u00e4glich f\u00fcr 12-20 Minuten zu absolvieren. Innerhalb der w\u00f6chentlichen Therapieeinheiten wird das Programm vom Therapeuten auf Wirksamkeit \u00fcberpr\u00fcft und notwendige Anpassung im Therapieplan vorgenommen. Die Gesamtdauer der vestibul\u00e4ren Rehabilitation betr\u00e4gt zwischen 4-18 Wochen.<\/p>\n<p>Sollten Sie an einer vestibul\u00e4ren Migr\u00e4ne leiden, gelingt eine Milderung der Schwindelsymptomatik nur durch spezielle Gew\u00f6hnungs\u00fcbungen (Habituation), ein Trigger-Management, die Patientenaufkl\u00e4rung \u00fcber die Erkrankungen sowie eine \u00c4nderungen im Lebensstil. Dieses Vorgehen hat sich hier als besonders Wirksam erwiesen.<\/p>\n<p>Bei einem Morbus Meni\u00e8re kann im sp\u00e4teren Verlauf der Erkrankung eine vestibul\u00e4re Rehabilitation sinnvoll sein. Eine vollst\u00e4ndige Wiederherstellung des Gleichgewichts ist hier selten m\u00f6glich. Dies gilt nat\u00fcrlich auch f\u00fcr alle anderen traumatischen Ursachen, bei denen das Gleichgewichtsorgan oder der Nervus Vestibulocochlearis irreversible gesch\u00e4digt wurden. Durch das vestibul\u00e4re Therapieprogramm kann jedoch versucht werden die neuronale Plastizit\u00e4t des Gehirns zu nutzen, um die Einschr\u00e4nkungen m\u00f6glichst stark zu mindern.\u00a0 Unter neuronaler Plastizit\u00e4t versteht man die F\u00e4higkeit des Gehirns sich anzupassen. Areale im Gehirn k\u00f6nnen Aufgaben \u00fcbernehmen, die urspr\u00fcnglich nicht daf\u00fcr vorgesehen war. In jungen Jahren ist diese F\u00e4higkeit besonders gut und nimmt mit dem Alter ab, bleibt aber stets erhalten.<\/p>\n<p>Das Thema des funktionellen Schwindels ist f\u00fcr viele Patienten ein Reizthema. Er l\u00e4sst sich jedoch sehr gut von allen anderen Schwindelursachen unterscheiden. Positiv ist, dass auch dieser Schwindel behandelbar ist. Durch Habituations\u00fcbungen, erlernen von Entspannungs\u00fcbungen, einer guten Patientenaufkl\u00e4rung sowie einer Verhaltenstherapie, kann auch diese Schwindelsymptomatik gel\u00f6st werden. Der funktionelle Schwindel ist nach aktueller Studienlage die h\u00e4ufigste Form des Schwindels. Das bedeutet aber nicht, dass Betroffene keine Schwindelsymptomatik haben und dies unbehandelt bleiben sollte.<\/p>\n<\/div>\n<\/div><\/div><div id=\"panel-274-3-0-1\" class=\"so-panel widget widget_sow-editor panel-last-child\" data-index=\"6\" ><div\n\t\t\t\n\t\t\tclass=\"so-widget-sow-editor so-widget-sow-editor-base\"\n\t\t\t\n\t\t><h3 class=\"widget-title\">Wie kann ich eine vestibulare Rehabilitationstherapie erhalten?<\/h3>\n<div class=\"siteorigin-widget-tinymce textwidget\">\n\t<p>Eine spezielle vestibul\u00e4re Rehabilitation kann jeder speziell fortgebildeter Physio- oder Ergotherapeut anbieten. Die Verordnung kann Ihnen Ihr behandelnder Arzt ausstellen. Die Kosten werden dann von Ihrer Krankenkasse \u00fcbernommen, vorbehaltlich der gesetzlichen Zuzahlung. F\u00fcr die Behandlung in der Praxis Kr\u00e4mer, ben\u00f6tigen wir eine Ergotherapieverordnung mit sensomotorisch-perzeptiver Behandlung. Die Anzahl der notwendigen Behandlungen richtet sich nach den individuellen Erfordernissen. Sollten die Therapieziele schneller erreicht werden, als die Verordnungsmenge die der Arzt ausgestellt hat, w\u00fcrde die Behandlung dann trotzdem beendet.<\/p>\n<\/div>\n<\/div><\/div><\/div><\/div><\/div>","protected":false},"excerpt":{"rendered":"<p>Schwindeltherapie und Vestibulartherapie, ist eine effektive Therapie zur Behandlung von verschiedenen Schwindelformen. Therapeuten die diese spezielle Therapie anbieten, sind speziell fortgebildet und in der Lage die verschiedenen Schwindelformen zu unterscheiden und auch entsprechend zu behandeln. Viele Betroffene werden falsch oder gar nicht behandelt. Daher ist die Behandlung durch einen ausgebildeten Vestibular-Therapeuten extrem wichtig. Grunds\u00e4tzlich lassen&hellip; <br \/> <a class=\"read-more\" href=\"https:\/\/www.praxis-kraemer.com\/wordpress\/schwindeltherapie-und-vestibulartherapie\/\">Weiterlesen<\/a><\/p>\n","protected":false},"author":1,"featured_media":0,"parent":0,"menu_order":0,"comment_status":"closed","ping_status":"closed","template":"page-templates\/homepage.php","meta":{"footnotes":""},"class_list":["post-274","page","type-page","status-publish","hentry"],"_links":{"self":[{"href":"https:\/\/www.praxis-kraemer.com\/wordpress\/wp-json\/wp\/v2\/pages\/274","targetHints":{"allow":["GET"]}}],"collection":[{"href":"https:\/\/www.praxis-kraemer.com\/wordpress\/wp-json\/wp\/v2\/pages"}],"about":[{"href":"https:\/\/www.praxis-kraemer.com\/wordpress\/wp-json\/wp\/v2\/types\/page"}],"author":[{"embeddable":true,"href":"https:\/\/www.praxis-kraemer.com\/wordpress\/wp-json\/wp\/v2\/users\/1"}],"replies":[{"embeddable":true,"href":"https:\/\/www.praxis-kraemer.com\/wordpress\/wp-json\/wp\/v2\/comments?post=274"}],"version-history":[{"count":18,"href":"https:\/\/www.praxis-kraemer.com\/wordpress\/wp-json\/wp\/v2\/pages\/274\/revisions"}],"predecessor-version":[{"id":316,"href":"https:\/\/www.praxis-kraemer.com\/wordpress\/wp-json\/wp\/v2\/pages\/274\/revisions\/316"}],"wp:attachment":[{"href":"https:\/\/www.praxis-kraemer.com\/wordpress\/wp-json\/wp\/v2\/media?parent=274"}],"curies":[{"name":"wp","href":"https:\/\/api.w.org\/{rel}","templated":true}]}}