{"id":158,"date":"2018-06-01T23:48:27","date_gmt":"2018-06-01T21:48:27","guid":{"rendered":"https:\/\/www.praxis-kraemer.com\/wordpress\/?page_id=158"},"modified":"2025-06-13T15:45:03","modified_gmt":"2025-06-13T13:45:03","slug":"impressum","status":"publish","type":"page","link":"https:\/\/www.praxis-kraemer.com\/wordpress\/impressum\/","title":{"rendered":"Impressum"},"content":{"rendered":"<div id=\"pl-158\"  class=\"panel-layout\" ><div id=\"pg-158-0\"  class=\"panel-grid panel-no-style\" ><div id=\"pgc-158-0-0\"  class=\"panel-grid-cell\" ><div id=\"panel-158-0-0-0\" class=\"so-panel widget widget_sow-editor panel-first-child panel-last-child\" data-index=\"0\" ><div\n\t\t\t\n\t\t\tclass=\"so-widget-sow-editor so-widget-sow-editor-base\"\n\t\t\t\n\t\t><h3 class=\"widget-title\">Impressum<\/h3>\n<div class=\"siteorigin-widget-tinymce textwidget\">\n\t<p>&nbsp;<\/p>\n<p>Praxis Kr\u00e4mer - Ergotherapie &amp; Psychotherapie (HeilprG)<br \/>\nInhaber\/Verantwortliche Person: Bj\u00f6rn Kr\u00e4mer<br \/>\nWilhelmstra\u00dfe 87a<br \/>\n53474 Bad Neuenahr-Ahrweiler<\/p>\n<p><strong>Telefon:<\/strong>\u00a002641-809 66 44<br \/>\n<strong>Email:<\/strong>\u00a0<a href=\"mailto:info@praxis-kraemer.com\">info@praxis-kraemer.com<\/a><\/p>\n<p><strong>Aufsichtsbeh\u00f6rde:\u00a0<\/strong>Gesundheitsamt Ahrweiler<br \/>\n<strong>Berufsbezeichnung:\u00a0<\/strong>Ergotherapeut; Heilpraktiker beschr\u00e4nkt auf das Gebiet der Psychotherapie<br \/>\n<strong>Link zum:<\/strong>\u00a0<a href=\"http:\/\/www.gesetze-im-internet.de\/bundesrecht\/bearbthg\/gesamt.pdf\" target=\"_blank\" rel=\"noopener\">Ergotherapeutengesetz vom 25. Mai 1976<\/a><br \/>\n<strong>Berufshaftpflichtversicherung:\u00a0<\/strong>Continentale Geltungsbereich: Deutschland<\/p>\n<p>&nbsp;<\/p>\n<\/div>\n<\/div><\/div><\/div><div id=\"pgc-158-0-1\"  class=\"panel-grid-cell\" ><div id=\"panel-158-0-1-0\" class=\"so-panel widget widget_sow-editor panel-first-child panel-last-child\" data-index=\"1\" ><div\n\t\t\t\n\t\t\tclass=\"so-widget-sow-editor so-widget-sow-editor-base\"\n\t\t\t\n\t\t><h3 class=\"widget-title\">Bildrechte<\/h3>\n<div class=\"siteorigin-widget-tinymce textwidget\">\n\t<p>&nbsp;<\/p>\n<p><strong>Bildrechte:<br \/>\n<\/strong>\u00a9K\u00f6penicker - Fotolia.com<br \/>\n\u00a9Dan Race - Fotolia.com<br \/>\n\u00a9Michael Sch\u00fctze - Fotolia.com<br \/>\n\u00a9Fontanis - Fotolia.com<br \/>\n\u00a9Clemens Sch\u00fc\u00dfler -Fotolia.com<br \/>\n\u00a9sashkin - Fotolia.com<br \/>\n\u00a9Elena H\u00f6lzer - Fotolia.com<br \/>\n\u00a9Falko Matte - Fotolia.com<br \/>\n\u00a9Lupo - Pixelio.de<br \/>\n\u00a9Bj\u00f6rn Kr\u00e4mer<br \/>\n\u00a9David Zirwes<\/p>\n<p>&nbsp;<\/p>\n<\/div>\n<\/div><\/div><\/div><\/div><div id=\"pg-158-1\"  class=\"panel-grid panel-no-style\" ><div id=\"pgc-158-1-0\"  class=\"panel-grid-cell\" ><div id=\"panel-158-1-0-0\" class=\"so-panel widget widget_sow-editor panel-first-child panel-last-child\" data-index=\"2\" ><div\n\t\t\t\n\t\t\tclass=\"so-widget-sow-editor so-widget-sow-editor-base\"\n\t\t\t\n\t\t>\n<div class=\"siteorigin-widget-tinymce textwidget\">\n\t<p>\n<div class=\"sp-wrap sp-wrap-default\">\n<div class=\"sp-head\" title=\"Erweitern\">\nHaftungsbeschr\u00e4nkung\n<\/div>\n<div class=\"sp-body folded\">\n<p>Die Inhalte dieser Website werden mit gr\u00f6\u00dftm\u00f6glicher Sorgfalt erstellt. Der Anbieter \u00fcbernimmt jedoch keine Gew\u00e4hr f\u00fcr die Richtigkeit, Vollst\u00e4ndigkeit und Aktualit\u00e4t der bereitgestellten Inhalte. Die Nutzung der Inhalte der Website erfolgt auf eigene Gefahr des Nutzers. Namentlich gekennzeichnete Beitr\u00e4ge geben die Meinung des jeweiligen Autors und nicht immer die Meinung des Anbieters wieder. Mit der reinen Nutzung der Website des Anbieters kommt keinerlei Vertragsverh\u00e4ltnis zwischen dem Nutzer und dem Anbieter zustande.<\/p>\n<div class=\"spdiv\">[Einklappen]<\/div>\n<\/div>\n<\/div>\n<br \/>\n\n<div class=\"sp-wrap sp-wrap-default\">\n<div class=\"sp-head\" title=\"Erweitern\">\nExterne Links\n<\/div>\n<div class=\"sp-body folded\">\n<p>Diese Website enth\u00e4lt Verkn\u00fcpfungen zu Websites Dritter (\"externe Links\"). Diese Websites unterliegen der Haftung der jeweiligen Betreiber. Der Anbieter hat bei der erstmaligen Verkn\u00fcpfung der externen Links die fremden Inhalte daraufhin \u00fcberpr\u00fcft, ob etwaige Rechtsverst\u00f6\u00dfe bestehen. Zu dem Zeitpunkt waren keine Rechtsverst\u00f6\u00dfe ersichtlich. Der Anbieter hat keinerlei Einfluss auf die aktuelle und zuk\u00fcnftige Gestaltung und auf die Inhalte der verkn\u00fcpften Seiten. Das Setzen von externen Links bedeutet nicht, dass sich der Anbieter die hinter dem Verweis oder Link liegenden Inhalte zu Eigen macht. Eine st\u00e4ndige Kontrolle der externen Links ist f\u00fcr den Anbieter ohne konkrete Hinweise auf Rechtsverst\u00f6\u00dfe nicht zumutbar. Bei Kenntnis von Rechtsverst\u00f6\u00dfen werden jedoch derartige externe Links unverz\u00fcglich gel\u00f6scht.<\/p>\n<div class=\"spdiv\">[Einklappen]<\/div>\n<\/div>\n<\/div>\n<br \/>\n\n<div class=\"sp-wrap sp-wrap-default\">\n<div class=\"sp-head\" title=\"Erweitern\">\nUrheberrecht\n<\/div>\n<div class=\"sp-body folded\">\n<p>Die auf dieser Website ver\u00f6ffentlichten Inhalte unterliegen dem deutschen Urheber- und Leistungsschutzrecht. Jede vom deutschen Urheber- und Leistungsschutzrecht nicht zugelassene Verwertung bedarf der vorherigen schriftlichen Zustimmung des Anbieters oder jeweiligen Rechteinhabers. Dies gilt insbesondere f\u00fcr Vervielf\u00e4ltigung, Bearbeitung, \u00dcbersetzung, Einspeicherung, Verarbeitung bzw. Wiedergabe von Inhalten in Datenbanken oder anderen elektronischen Medien und Systemen. Inhalte und Rechte Dritter sind dabei als solche gekennzeichnet. Die unerlaubte Vervielf\u00e4ltigung oder Weitergabe einzelner Inhalte oder kompletter Seiten ist nicht gestattet und strafbar. Lediglich die Herstellung von Kopien und Downloads f\u00fcr den pers\u00f6nlichen, privaten und nicht kommerziellen Gebrauch ist erlaubt<\/p>\n<div class=\"spdiv\">[Einklappen]<\/div>\n<\/div>\n<\/div>\n<br \/>\n\n<div class=\"sp-wrap sp-wrap-default\">\n<div class=\"sp-head\" title=\"Erweitern\">\nDatenschutz\n<\/div>\n<div class=\"sp-body folded\">\n<p>Unsere Datenschutzerkl\u00e4rung finden sie <a href=\"https:\/\/www.praxis-kraemer.com\/wordpress\/?page_id=44\">hier<\/a><br \/>\nDie M\u00f6glichkeit Einstellungen bez\u00fcglich der Nutzung Ihrer Daten druch diese Webseite finden Sie <a href=\"https:\/\/www.praxis-kraemer.com\/wordpress\/?page_id=137\">hier<\/a> (Opt-in Opt-out Modell)<br \/>\nDie M\u00f6glichkeit eine Auszug Ihrer durch diese Webseite gespeicherten Daten zu erhalten finden Sie <a href=\"https:\/\/www.praxis-kraemer.com\/wordpress\/?page_id=138\">hier<\/a> (Auskunftsrecht)<br \/>\nWir weisen ausdr\u00fccklichcklich darauf hin, dass die Daten\u00fcbertragung im Internet (z.B. bei der Kommunikation per E-Mail) Sicherheitsl\u00fccken aufweisen und nicht l\u00fcckenlos vor dem Zugriff durch Dritte gesch\u00fctzt werden kann. Die Verwendung der Kontaktdaten unseres Impressums und an anderer Stelle angegebenen Daten zur gewerblichen Werbung ist ausdr\u00fccklich nicht erw\u00fcnscht, es sei denn wir hatten zuvor unsere schriftliche Einwilligung erteilt oder es besteht bereits eine Gesch\u00e4ftsbeziehung. Der Anbieter und alle auf dieser Website genannten Personen widersprechen hiermit jeder kommerziellen Verwendung und Weitergabe ihrer Daten.<\/p>\n<div class=\"spdiv\">[Einklappen]<\/div>\n<\/div>\n<\/div>\n<br \/>\n\n<div class=\"sp-wrap sp-wrap-default\">\n<div class=\"sp-head\" title=\"Erweitern\">\nBesondere Nutzungsbedingugen\n<\/div>\n<div class=\"sp-body folded\">\n<p>Soweit besondere Bedingungen f\u00fcr einzelne Nutzungen dieser Website von den vorgenannten Paragraphen abweichen, wird an entsprechender Stelle ausdr\u00fccklich darauf hingewiesen. In diesem Falle gelten im jeweiligen Einzelfall die besonderen Nutzungsbedingungen.Quelle: Juraforum.de Impressum Generator<\/p>\n<div class=\"spdiv\">[Einklappen]<\/div>\n<\/div>\n<\/div>\n<br \/>\n\n<div class=\"sp-wrap sp-wrap-default\">\n<div class=\"sp-head\" title=\"Erweitern\">\nSalvatorische Klausel\n<\/div>\n<div class=\"sp-body folded\">\n<p>Sollten einzelne Punkte der Nutzungsbedingungen oder Datenschutzerkl\u00e4rung ung\u00fcltig sein, so ber\u00fchrt das die G\u00fcltigkeit der \u00fcbrigen Punkte nicht.<\/p>\n<div class=\"spdiv\">[Einklappen]<\/div>\n<\/div>\n<\/div>\n<\/p>\n<\/div>\n<\/div><\/div><\/div><\/div><\/div>","protected":false},"excerpt":{"rendered":"<p>&nbsp; Praxis Kr\u00e4mer &#8211; Ergotherapie &amp; Psychotherapie (HeilprG) Inhaber\/Verantwortliche Person: Bj\u00f6rn Kr\u00e4mer Wilhelmstra\u00dfe 87a 53474 Bad Neuenahr-Ahrweiler Telefon:\u00a002641-809 66 44 Email:\u00a0info@praxis-kraemer.com Aufsichtsbeh\u00f6rde:\u00a0Gesundheitsamt Ahrweiler Berufsbezeichnung:\u00a0Ergotherapeut; Heilpraktiker beschr\u00e4nkt auf das Gebiet der Psychotherapie Link zum:\u00a0Ergotherapeutengesetz vom 25. Mai 1976 Berufshaftpflichtversicherung:\u00a0Continentale Geltungsbereich: Deutschland &nbsp; &nbsp; Bildrechte: \u00a9K\u00f6penicker &#8211; Fotolia.com \u00a9Dan Race &#8211; Fotolia.com \u00a9Michael Sch\u00fctze &#8211; Fotolia.com \u00a9Fontanis&hellip; <br \/> <a class=\"read-more\" href=\"https:\/\/www.praxis-kraemer.com\/wordpress\/impressum\/\">Weiterlesen<\/a><\/p>\n","protected":false},"author":1,"featured_media":0,"parent":0,"menu_order":0,"comment_status":"closed","ping_status":"closed","template":"page-templates\/homepage.php","meta":{"footnotes":""},"class_list":["post-158","page","type-page","status-publish","hentry"],"_links":{"self":[{"href":"https:\/\/www.praxis-kraemer.com\/wordpress\/wp-json\/wp\/v2\/pages\/158","targetHints":{"allow":["GET"]}}],"collection":[{"href":"https:\/\/www.praxis-kraemer.com\/wordpress\/wp-json\/wp\/v2\/pages"}],"about":[{"href":"https:\/\/www.praxis-kraemer.com\/wordpress\/wp-json\/wp\/v2\/types\/page"}],"author":[{"embeddable":true,"href":"https:\/\/www.praxis-kraemer.com\/wordpress\/wp-json\/wp\/v2\/users\/1"}],"replies":[{"embeddable":true,"href":"https:\/\/www.praxis-kraemer.com\/wordpress\/wp-json\/wp\/v2\/comments?post=158"}],"version-history":[{"count":20,"href":"https:\/\/www.praxis-kraemer.com\/wordpress\/wp-json\/wp\/v2\/pages\/158\/revisions"}],"predecessor-version":[{"id":320,"href":"https:\/\/www.praxis-kraemer.com\/wordpress\/wp-json\/wp\/v2\/pages\/158\/revisions\/320"}],"wp:attachment":[{"href":"https:\/\/www.praxis-kraemer.com\/wordpress\/wp-json\/wp\/v2\/media?parent=158"}],"curies":[{"name":"wp","href":"https:\/\/api.w.org\/{rel}","templated":true}]}}

<div id="pl-158"  class="panel-layout" ><div id="pg-158-0"  class="panel-grid panel-no-style" ><div id="pgc-158-0-0"  class="panel-grid-cell" ><div id="panel-158-0-0-0" class="so-panel widget widget_sow-editor panel-first-child panel-last-child" data-index="0" ><div
			
			class="so-widget-sow-editor so-widget-sow-editor-base"
			
		><h3 class="widget-title">Impressum</h3>
<div class="siteorigin-widget-tinymce textwidget">
	<p>&nbsp;</p>
<p>Praxis Krämer - Ergotherapie &amp; Psychotherapie (HeilprG)<br />
Inhaber/Verantwortliche Person: Björn Krämer<br />
Wilhelmstraße 87a<br />
53474 Bad Neuenahr-Ahrweiler</p>
<p><strong>Telefon:</strong> 02641-809 66 44<br />
<strong>Email:</strong> <a href="mailto:info@praxis-kraemer.com">info@praxis-kraemer.com</a></p>
<p><strong>Aufsichtsbehörde: </strong>Gesundheitsamt Ahrweiler<br />
<strong>Berufsbezeichnung: </strong>Ergotherapeut; Heilpraktiker beschränkt auf das Gebiet der Psychotherapie<br />
<strong>Link zum:</strong> <a href="http://www.gesetze-im-internet.de/bundesrecht/bearbthg/gesamt.pdf" target="_blank" rel="noopener">Ergotherapeutengesetz vom 25. Mai 1976</a><br />
<strong>Berufshaftpflichtversicherung: </strong>Continentale Geltungsbereich: Deutschland</p>
<p>&nbsp;</p>
</div>
</div></div></div><div id="pgc-158-0-1"  class="panel-grid-cell" ><div id="panel-158-0-1-0" class="so-panel widget widget_sow-editor panel-first-child panel-last-child" data-index="1" ><div
			
			class="so-widget-sow-editor so-widget-sow-editor-base"
			
		><h3 class="widget-title">Bildrechte</h3>
<div class="siteorigin-widget-tinymce textwidget">
	<p>&nbsp;</p>
<p><strong>Bildrechte:<br />
</strong>©Köpenicker - Fotolia.com<br />
©Dan Race - Fotolia.com<br />
©Michael Schütze - Fotolia.com<br />
©Fontanis - Fotolia.com<br />
©Clemens Schüßler -Fotolia.com<br />
©sashkin - Fotolia.com<br />
©Elena Hölzer - Fotolia.com<br />
©Falko Matte - Fotolia.com<br />
©Lupo - Pixelio.de<br />
©Björn Krämer<br />
©David Zirwes</p>
<p>&nbsp;</p>
</div>
</div></div></div></div><div id="pg-158-1"  class="panel-grid panel-no-style" ><div id="pgc-158-1-0"  class="panel-grid-cell" ><div id="panel-158-1-0-0" class="so-panel widget widget_sow-editor panel-first-child panel-last-child" data-index="2" ><div
			
			class="so-widget-sow-editor so-widget-sow-editor-base"
			
		>
<div class="siteorigin-widget-tinymce textwidget">
	<p>
<div class="sp-wrap sp-wrap-default">
<div class="sp-head" title="Erweitern">
Haftungsbeschränkung
</div>
<div class="sp-body folded">
<p>Die Inhalte dieser Website werden mit größtmöglicher Sorgfalt erstellt. Der Anbieter übernimmt jedoch keine Gewähr für die Richtigkeit, Vollständigkeit und Aktualität der bereitgestellten Inhalte. Die Nutzung der Inhalte der Website erfolgt auf eigene Gefahr des Nutzers. Namentlich gekennzeichnete Beiträge geben die Meinung des jeweiligen Autors und nicht immer die Meinung des Anbieters wieder. Mit der reinen Nutzung der Website des Anbieters kommt keinerlei Vertragsverhältnis zwischen dem Nutzer und dem Anbieter zustande.</p>
<div class="spdiv">[Einklappen]</div>
</div>
</div>
<br />

<div class="sp-wrap sp-wrap-default">
<div class="sp-head" title="Erweitern">
Externe Links
</div>
<div class="sp-body folded">
<p>Diese Website enthält Verknüpfungen zu Websites Dritter ("externe Links"). Diese Websites unterliegen der Haftung der jeweiligen Betreiber. Der Anbieter hat bei der erstmaligen Verknüpfung der externen Links die fremden Inhalte daraufhin überprüft, ob etwaige Rechtsverstöße bestehen. Zu dem Zeitpunkt waren keine Rechtsverstöße ersichtlich. Der Anbieter hat keinerlei Einfluss auf die aktuelle und zukünftige Gestaltung und auf die Inhalte der verknüpften Seiten. Das Setzen von externen Links bedeutet nicht, dass sich der Anbieter die hinter dem Verweis oder Link liegenden Inhalte zu Eigen macht. Eine ständige Kontrolle der externen Links ist für den Anbieter ohne konkrete Hinweise auf Rechtsverstöße nicht zumutbar. Bei Kenntnis von Rechtsverstößen werden jedoch derartige externe Links unverzüglich gelöscht.</p>
<div class="spdiv">[Einklappen]</div>
</div>
</div>
<br />

<div class="sp-wrap sp-wrap-default">
<div class="sp-head" title="Erweitern">
Urheberrecht
</div>
<div class="sp-body folded">
<p>Die auf dieser Website veröffentlichten Inhalte unterliegen dem deutschen Urheber- und Leistungsschutzrecht. Jede vom deutschen Urheber- und Leistungsschutzrecht nicht zugelassene Verwertung bedarf der vorherigen schriftlichen Zustimmung des Anbieters oder jeweiligen Rechteinhabers. Dies gilt insbesondere für Vervielfältigung, Bearbeitung, Übersetzung, Einspeicherung, Verarbeitung bzw. Wiedergabe von Inhalten in Datenbanken oder anderen elektronischen Medien und Systemen. Inhalte und Rechte Dritter sind dabei als solche gekennzeichnet. Die unerlaubte Vervielfältigung oder Weitergabe einzelner Inhalte oder kompletter Seiten ist nicht gestattet und strafbar. Lediglich die Herstellung von Kopien und Downloads für den persönlichen, privaten und nicht kommerziellen Gebrauch ist erlaubt</p>
<div class="spdiv">[Einklappen]</div>
</div>
</div>
<br />

<div class="sp-wrap sp-wrap-default">
<div class="sp-head" title="Erweitern">
Datenschutz
</div>
<div class="sp-body folded">
<p>Unsere Datenschutzerklärung finden sie <a href="https://www.praxis-kraemer.com/wordpress/?page_id=44">hier</a><br />
Die Möglichkeit Einstellungen bezüglich der Nutzung Ihrer Daten druch diese Webseite finden Sie <a href="https://www.praxis-kraemer.com/wordpress/?page_id=137">hier</a> (Opt-in Opt-out Modell)<br />
Die Möglichkeit eine Auszug Ihrer durch diese Webseite gespeicherten Daten zu erhalten finden Sie <a href="https://www.praxis-kraemer.com/wordpress/?page_id=138">hier</a> (Auskunftsrecht)<br />
Wir weisen ausdrücklichcklich darauf hin, dass die Datenübertragung im Internet (z.B. bei der Kommunikation per E-Mail) Sicherheitslücken aufweisen und nicht lückenlos vor dem Zugriff durch Dritte geschützt werden kann. Die Verwendung der Kontaktdaten unseres Impressums und an anderer Stelle angegebenen Daten zur gewerblichen Werbung ist ausdrücklich nicht erwünscht, es sei denn wir hatten zuvor unsere schriftliche Einwilligung erteilt oder es besteht bereits eine Geschäftsbeziehung. Der Anbieter und alle auf dieser Website genannten Personen widersprechen hiermit jeder kommerziellen Verwendung und Weitergabe ihrer Daten.</p>
<div class="spdiv">[Einklappen]</div>
</div>
</div>
<br />

<div class="sp-wrap sp-wrap-default">
<div class="sp-head" title="Erweitern">
Besondere Nutzungsbedingugen
</div>
<div class="sp-body folded">
<p>Soweit besondere Bedingungen für einzelne Nutzungen dieser Website von den vorgenannten Paragraphen abweichen, wird an entsprechender Stelle ausdrücklich darauf hingewiesen. In diesem Falle gelten im jeweiligen Einzelfall die besonderen Nutzungsbedingungen.Quelle: Juraforum.de Impressum Generator</p>
<div class="spdiv">[Einklappen]</div>
</div>
</div>
<br />

<div class="sp-wrap sp-wrap-default">
<div class="sp-head" title="Erweitern">
Salvatorische Klausel
</div>
<div class="sp-body folded">
<p>Sollten einzelne Punkte der Nutzungsbedingungen oder Datenschutzerklärung ungültig sein, so berührt das die Gültigkeit der übrigen Punkte nicht.</p>
<div class="spdiv">[Einklappen]</div>
</div>
</div>
</p>
</div>
</div></div></div></div></div>

<p>&nbsp; Praxis Krämer &#8211; Ergotherapie &amp; Psychotherapie (HeilprG) Inhaber/Verantwortliche Person: Björn Krämer Wilhelmstraße 87a 53474 Bad Neuenahr-Ahrweiler Telefon: 02641-809 66 44 Email: info@praxis-kraemer.com Aufsichtsbehörde: Gesundheitsamt Ahrweiler Berufsbezeichnung: Ergotherapeut; Heilpraktiker beschränkt auf das Gebiet der Psychotherapie Link zum: Ergotherapeutengesetz vom 25. Mai 1976 Berufshaftpflichtversicherung: Continentale Geltungsbereich: Deutschland &nbsp; &nbsp; Bildrechte: ©Köpenicker &#8211; Fotolia.com ©Dan Race &#8211; Fotolia.com ©Michael Schütze &#8211; Fotolia.com ©Fontanis&hellip; <br /> <a class="read-more" href="https://www.praxis-kraemer.com/wordpress/impressum/">Weiterlesen</a></p>
